{"id":322,"date":"2022-08-28T16:25:25","date_gmt":"2022-08-28T19:25:25","guid":{"rendered":"http:\/\/localhost:8080\/parkgold-site\/?page_id=322"},"modified":"2026-01-05T12:31:00","modified_gmt":"2026-01-05T15:31:00","slug":"vitoria","status":"publish","type":"page","link":"https:\/\/parkgold.com.br\/site\/vitoria\/","title":{"rendered":"Park Gold Vit\u00f3ria"},"content":{"rendered":"\n<h2><\/h2>\n\n\n\n<div style=\"height:51px\" aria-hidden=\"true\" class=\"wp-block-spacer\"><\/div>\n\n\n\n<h2 class=\"has-white-color has-text-color\"><strong>HOR\u00c1RIO DE FUNCIONAMENTO<\/strong><\/h2>\n\n\n\n<div style=\"height:50px\" aria-hidden=\"true\" class=\"wp-block-spacer\"><\/div>\n\n\n\n<figure class=\"wp-block-table is-style-stripes\"><table><tbody><tr><td class=\"has-text-align-center\" data-align=\"center\">\u00c1REAS<\/td><td class=\"has-text-align-center\" data-align=\"center\">SEGUNDA \u00c0 SEXTA<\/td><td class=\"has-text-align-center\" data-align=\"center\">S\u00c1BADOS<\/td><\/tr><tr><td class=\"has-text-align-center\" data-align=\"center\">Bento Ferreira<\/td><td class=\"has-text-align-center\" data-align=\"center\">Das 8h \u00e0s 18h<\/td><td class=\"has-text-align-center\" data-align=\"center\">Das 8h \u00e0s 14h<\/td><\/tr><tr><td class=\"has-text-align-center\" data-align=\"center\">Centro<\/td><td class=\"has-text-align-center\" data-align=\"center\">Das 8h \u00e0s 18h<\/td><td class=\"has-text-align-center\" data-align=\"center\">Das 8h \u00e0s 14h<\/td><\/tr><tr><td class=\"has-text-align-center\" data-align=\"center\">Enseada do Su\u00e1<\/td><td class=\"has-text-align-center\" data-align=\"center\">Das 9h \u00e0s 19h<\/td><td class=\"has-text-align-center\" data-align=\"center\">Das 9h \u00e0s 15h<\/td><\/tr><tr><td class=\"has-text-align-center\" data-align=\"center\">Praia do Canto<\/td><td class=\"has-text-align-center\" data-align=\"center\">Das 9h \u00e0s 19h<\/td><td class=\"has-text-align-center\" data-align=\"center\">Das 9h \u00e0s 15h<\/td><\/tr><tr><td class=\"has-text-align-center\" data-align=\"center\">Santa Lucia<\/td><td class=\"has-text-align-center\" data-align=\"center\">Das 9h \u00e0s 19h<\/td><td class=\"has-text-align-center\" data-align=\"center\">Das 9h \u00e0s 15h<\/td><\/tr><\/tbody><\/table><\/figure>\n\n\n\n<div style=\"height:51px\" aria-hidden=\"true\" class=\"wp-block-spacer\"><\/div>\n\n\n\n<h2 class=\"has-white-color has-text-color\"><strong>TARIFAS<\/strong><\/h2>\n\n\n\n<div style=\"height:51px\" aria-hidden=\"true\" class=\"wp-block-spacer\"><\/div>\n\n\n\n<figure class=\"wp-block-table is-style-stripes\"><table><tbody><tr><td class=\"has-text-align-center\" data-align=\"center\">  30 minutos<\/td><td class=\"has-text-align-center\" data-align=\"center\">R$ 1,75<\/td><\/tr><tr><td class=\"has-text-align-center\" data-align=\"center\">  60 minutos<\/td><td class=\"has-text-align-center\" data-align=\"center\">R$ 2,65<\/td><\/tr><tr><td class=\"has-text-align-center\" data-align=\"center\">  120 minutos<\/td><td class=\"has-text-align-center\" data-align=\"center\">R$ 3,50<\/td><\/tr><tr><td class=\"has-text-align-center\" data-align=\"center\">  180 minutos<\/td><td class=\"has-text-align-center\" data-align=\"center\">R$5,25<\/td><\/tr><tr><td class=\"has-text-align-center\" data-align=\"center\">Notifica\u00e7\u00e3o<\/td><td class=\"has-text-align-center\" data-align=\"center\">R$15,80<\/td><\/tr><\/tbody><\/table><\/figure>\n\n\n\n<div style=\"height:51px\" aria-hidden=\"true\" class=\"wp-block-spacer\"><\/div>\n\n\n\n<div style=\"height:50px\" aria-hidden=\"true\" class=\"wp-block-spacer\"><\/div>\n\n\n\n<p>O usu\u00e1rio poder\u00e1 utilizar as vagas da Park Gold Vit\u00f3ria durante o dia todo, devendo mudar o ve\u00edculo de vaga dentro do per\u00edodo definido para a \u00e1rea onde estacionou.<br>O per\u00edodo m\u00e1ximo para estacionamento em uma vaga \u00e9 de 3 horas consecutivas.<\/p>\n","protected":false},"excerpt":{"rendered":"<p>HOR\u00c1RIO DE FUNCIONAMENTO \u00c1REAS SEGUNDA \u00c0 SEXTA S\u00c1BADOS Bento Ferreira Das 8h \u00e0s 18h Das 8h \u00e0s 14h Centro Das 8h \u00e0s 18h Das 8h \u00e0s 14h Enseada do Su\u00e1 Das 9h \u00e0s 19h Das 9h \u00e0s 15h Praia do Canto Das 9h \u00e0s 19h Das 9h \u00e0s 15h Santa Lucia Das 9h \u00e0s 19h &hellip; <\/p>\n<p class=\"link-more\"><a href=\"https:\/\/parkgold.com.br\/site\/vitoria\/\" class=\"more-link\">Continue reading<span class=\"screen-reader-text\"> &#8220;Park Gold Vit\u00f3ria&#8221;<\/span><\/a><\/p>\n","protected":false},"author":1,"featured_media":0,"parent":0,"menu_order":0,"comment_status":"closed","ping_status":"closed","template":"","meta":[],"_links":{"self":[{"href":"https:\/\/parkgold.com.br\/site\/wp-json\/wp\/v2\/pages\/322"}],"collection":[{"href":"https:\/\/parkgold.com.br\/site\/wp-json\/wp\/v2\/pages"}],"about":[{"href":"https:\/\/parkgold.com.br\/site\/wp-json\/wp\/v2\/types\/page"}],"author":[{"embeddable":true,"href":"https:\/\/parkgold.com.br\/site\/wp-json\/wp\/v2\/users\/1"}],"replies":[{"embeddable":true,"href":"https:\/\/parkgold.com.br\/site\/wp-json\/wp\/v2\/comments?post=322"}],"version-history":[{"count":26,"href":"https:\/\/parkgold.com.br\/site\/wp-json\/wp\/v2\/pages\/322\/revisions"}],"predecessor-version":[{"id":490,"href":"https:\/\/parkgold.com.br\/site\/wp-json\/wp\/v2\/pages\/322\/revisions\/490"}],"wp:attachment":[{"href":"https:\/\/parkgold.com.br\/site\/wp-json\/wp\/v2\/media?parent=322"}],"curies":[{"name":"wp","href":"https:\/\/api.w.org\/{rel}","templated":true}]}}