{"id":21,"date":"2021-07-27T18:49:53","date_gmt":"2021-07-27T21:49:53","guid":{"rendered":"http:\/\/192.168.0.106\/stacione\/?page_id=21"},"modified":"2025-09-29T21:50:22","modified_gmt":"2025-09-30T00:50:22","slug":"mairipora","status":"publish","type":"page","link":"https:\/\/parkgold.com.br\/site\/mairipora\/","title":{"rendered":"Park Gold Mairipor\u00e3"},"content":{"rendered":"\n<h2><\/h2>\n\n\n\n<p><\/p>\n\n\n\n<div style=\"height:50px\" aria-hidden=\"true\" class=\"wp-block-spacer\"><\/div>\n\n\n\n<h2 class=\"has-white-color has-text-color\"><strong><strong>HOR\u00c1RIO DE FUNCIONAMENTO<\/strong><\/strong><\/h2>\n\n\n\n<div style=\"height:50px\" aria-hidden=\"true\" class=\"wp-block-spacer\"><\/div>\n\n\n\n<figure class=\"wp-block-table is-style-stripes\"><table><tbody><tr><td class=\"has-text-align-center\" data-align=\"center\">SEGUNDA \u00c0 SEXTA<\/td><td class=\"has-text-align-center\" data-align=\"center\">S\u00c1BADOS<\/td><\/tr><tr><td class=\"has-text-align-center\" data-align=\"center\">das 8h \u00e0s 18h<\/td><td class=\"has-text-align-center\" data-align=\"center\">das 8h \u00e0s 12h<\/td><\/tr><\/tbody><\/table><\/figure>\n\n\n\n<div style=\"height:51px\" aria-hidden=\"true\" class=\"wp-block-spacer\"><\/div>\n\n\n\n<h2 class=\"has-white-color has-text-color\"><strong>TARIFAS<\/strong><\/h2>\n\n\n\n<p class=\"has-text-align-center has-medium-font-size\"><strong>Zona Azul<\/strong><\/p>\n\n\n\n<figure class=\"wp-block-table is-style-stripes\"><table><tbody><tr><td class=\"has-text-align-center\" data-align=\"center\">30 min<\/td><td class=\"has-text-align-center\" data-align=\"center\">R$ 1,50<\/td><\/tr><tr><td class=\"has-text-align-center\" data-align=\"center\">1 hora<\/td><td class=\"has-text-align-center\" data-align=\"center\">R$ 3,00<\/td><\/tr><tr><td class=\"has-text-align-center\" data-align=\"center\">1h30min<\/td><td class=\"has-text-align-center\" data-align=\"center\">R$4,50<\/td><\/tr><tr><td class=\"has-text-align-center\" data-align=\"center\">2 horas<\/td><td class=\"has-text-align-center\" data-align=\"center\">R$ 6,00<\/td><\/tr><\/tbody><\/table><\/figure>\n\n\n\n<p class=\"has-text-align-center has-medium-font-size\"><strong>Zona Verde<\/strong><\/p>\n\n\n\n<div class=\"wp-container-4 wp-block-columns\">\n<div class=\"wp-container-3 wp-block-column\" style=\"flex-basis:100%\">\n<div class=\"wp-container-2 wp-block-columns\">\n<div class=\"wp-container-1 wp-block-column\" style=\"flex-basis:100%\">\n<figure class=\"wp-block-table is-style-stripes\"><table><tbody><tr><td class=\"has-text-align-center\" data-align=\"center\">1 hora<\/td><td class=\"has-text-align-center\" data-align=\"center\">R$ 1,90<\/td><\/tr><tr><td class=\"has-text-align-center\" data-align=\"center\">2 horas<\/td><td class=\"has-text-align-center\" data-align=\"center\">R$ 3,80<\/td><\/tr><tr><td class=\"has-text-align-center\" data-align=\"center\">5 horas<\/td><td class=\"has-text-align-center\" data-align=\"center\">R$9,50<\/td><\/tr><tr><td class=\"has-text-align-center\" data-align=\"center\">6 horas<\/td><td class=\"has-text-align-center\" data-align=\"center\">R$ 11,40<\/td><\/tr><tr><td class=\"has-text-align-center\" data-align=\"center\">8 horas<\/td><td class=\"has-text-align-center\" data-align=\"center\">R$ 15,20<\/td><\/tr><\/tbody><\/table><\/figure>\n<\/div>\n<\/div>\n<\/div>\n<\/div>\n\n\n\n<p><\/p>\n\n\n\n<p class=\"has-text-align-center\">Toler\u00e2ncia: 15 minutos<\/p>\n\n\n\n<p class=\"has-text-align-right\"><a href=\"https:\/\/parkgold.com.br\/site\/historico-tarifas-mairipora\/\" data-type=\"URL\" data-id=\"https:\/\/parkgold.com.br\/site\/historico-tarifas-mairipora\/\">Visualizar o hist\u00f3rico de tarifas. <\/a><\/p>\n\n\n\n<div style=\"height:50px\" aria-hidden=\"true\" class=\"wp-block-spacer\"><\/div>\n\n\n\n<p>O usu\u00e1rio poder\u00e1 utilizar as vagas da \u00c1rea Azul de Mairipor\u00e3 durante o dia todo, devendo mudar o ve\u00edculo de vaga dentro do per\u00edodo definido para a \u00e1rea onde estacionou.<br>O per\u00edodo m\u00e1ximo para estacionamento em uma vaga \u00e9 de 2 horas consecutivas.<\/p>\n","protected":false},"excerpt":{"rendered":"<p>HOR\u00c1RIO DE FUNCIONAMENTO SEGUNDA \u00c0 SEXTA S\u00c1BADOS das 8h \u00e0s 18h das 8h \u00e0s 12h TARIFAS Zona Azul 30 min R$ 1,50 1 hora R$ 3,00 1h30min R$4,50 2 horas R$ 6,00 Zona Verde 1 hora R$ 1,90 2 horas R$ 3,80 5 horas R$9,50 6 horas R$ 11,40 8 horas R$ 15,20 Toler\u00e2ncia: 15 &hellip; <\/p>\n<p class=\"link-more\"><a href=\"https:\/\/parkgold.com.br\/site\/mairipora\/\" class=\"more-link\">Continue reading<span class=\"screen-reader-text\"> &#8220;Park Gold Mairipor\u00e3&#8221;<\/span><\/a><\/p>\n","protected":false},"author":1,"featured_media":0,"parent":0,"menu_order":0,"comment_status":"closed","ping_status":"closed","template":"","meta":[],"_links":{"self":[{"href":"https:\/\/parkgold.com.br\/site\/wp-json\/wp\/v2\/pages\/21"}],"collection":[{"href":"https:\/\/parkgold.com.br\/site\/wp-json\/wp\/v2\/pages"}],"about":[{"href":"https:\/\/parkgold.com.br\/site\/wp-json\/wp\/v2\/types\/page"}],"author":[{"embeddable":true,"href":"https:\/\/parkgold.com.br\/site\/wp-json\/wp\/v2\/users\/1"}],"replies":[{"embeddable":true,"href":"https:\/\/parkgold.com.br\/site\/wp-json\/wp\/v2\/comments?post=21"}],"version-history":[{"count":16,"href":"https:\/\/parkgold.com.br\/site\/wp-json\/wp\/v2\/pages\/21\/revisions"}],"predecessor-version":[{"id":481,"href":"https:\/\/parkgold.com.br\/site\/wp-json\/wp\/v2\/pages\/21\/revisions\/481"}],"wp:attachment":[{"href":"https:\/\/parkgold.com.br\/site\/wp-json\/wp\/v2\/media?parent=21"}],"curies":[{"name":"wp","href":"https:\/\/api.w.org\/{rel}","templated":true}]}}